{"id":60,"date":"2024-08-16T09:53:55","date_gmt":"2024-08-16T09:53:55","guid":{"rendered":"https:\/\/sonnjar.fi\/?page_id=60"},"modified":"2026-02-14T13:48:01","modified_gmt":"2026-02-14T13:48:01","slug":"kuka-mina-olen","status":"publish","type":"page","link":"https:\/\/sonnjar.fi\/?page_id=60","title":{"rendered":"Kuka min\u00e4 olen"},"content":{"rendered":"\t\t<div data-elementor-type=\"wp-page\" data-elementor-id=\"60\" class=\"elementor elementor-60\">\n\t\t\t\t<div class=\"elementor-element elementor-element-7a946392 e-flex e-con-boxed e-con e-parent\" data-id=\"7a946392\" data-element_type=\"container\" data-e-type=\"container\">\n\t\t\t\t\t<div class=\"e-con-inner\">\n\t\t\t\t<div class=\"elementor-element elementor-element-c29a11b elementor-widget elementor-widget-text-editor\" data-id=\"c29a11b\" data-element_type=\"widget\" data-e-type=\"widget\" data-widget_type=\"text-editor.default\">\n\t\t\t\t<div class=\"elementor-widget-container\">\n\t\t\t\t\t\t\t\t\t<div class=\"wp-block-group has-background-light-background-color has-background\" style=\"padding-top: 68px;\">\n<p><\/p>\n<div class=\"wp-block-columns is-layout-flex wp-container-core-columns-is-layout-e0fbbc84 wp-block-columns-is-layout-flex\">\n<p><\/p>\n<div class=\"wp-block-column is-style-ona-negative-offset-bottom is-layout-flow wp-block-column-is-layout-flow\">\n<p><\/p>\n<figure class=\"wp-block-image size-full is-resized\"><em><img fetchpriority=\"high\" decoding=\"async\" class=\"alignnone wp-image-61\" src=\"https:\/\/sonnjar.fi\/wp-content\/uploads\/2024\/08\/245913944_253112930159281_1565605304141348893_n-819x1024.jpg\" alt=\"\" width=\"259\" height=\"323\" srcset=\"https:\/\/sonnjar.fi\/wp-content\/uploads\/2024\/08\/245913944_253112930159281_1565605304141348893_n-819x1024.jpg 819w, https:\/\/sonnjar.fi\/wp-content\/uploads\/2024\/08\/245913944_253112930159281_1565605304141348893_n-240x300.jpg 240w, https:\/\/sonnjar.fi\/wp-content\/uploads\/2024\/08\/245913944_253112930159281_1565605304141348893_n-768x960.jpg 768w, https:\/\/sonnjar.fi\/wp-content\/uploads\/2024\/08\/245913944_253112930159281_1565605304141348893_n-1229x1536.jpg 1229w, https:\/\/sonnjar.fi\/wp-content\/uploads\/2024\/08\/245913944_253112930159281_1565605304141348893_n-1170x1463.jpg 1170w, https:\/\/sonnjar.fi\/wp-content\/uploads\/2024\/08\/245913944_253112930159281_1565605304141348893_n.jpg 1440w\" sizes=\"(max-width: 259px) 100vw, 259px\" \/><\/em><\/figure>\n<p><em><\/em><\/p>\n<\/div>\n<p><em><\/em><\/p>\n<div class=\"wp-block-column is-vertically-aligned-center is-layout-flow wp-block-column-is-layout-flow\">\n<p><em><\/em><\/p>\n<p><em>Olen Sonja Kuusisto, 33-vuotias koulutettu hieroja. Olen valmistunut Suomen Urheiluhierojaopistosta vuonna 2015 ja toiminut sen j\u00e4lkeen hierojana Etel\u00e4-Suomessa ja Espanjassa.<\/em><\/p>\n<p><em>Olen ty\u00f6skennellyt yksityisyritt\u00e4j\u00e4n\u00e4 t\u00e4\u00e4ll\u00e4 Yll\u00e4sj\u00e4rvell\u00e4 vuodesta 2020 l\u00e4htien.<\/em><\/p>\n<p><em>Olen tehnyt vuosien saatossa paljon t\u00f6it\u00e4 niin kunto- kuin maailman eliittitason urheilijoidenkin parissa. Suurin osa asiakkaistani on kuitenkin aivan tavan tallaajia. Mik\u00e4li esimerkiksi viet\u00e4t paljon aikaa ruudun \u00e4\u00e4ress\u00e4 ja toimistotuolilla istuskellen tai k\u00e4rsit jatkuvista p\u00e4\u00e4ns\u00e4ryist\u00e4 tai harrastuksesi rasittavat kroppaasi, olet enemm\u00e4n kuin tervetullut.<\/em><\/p>\n<p><em>Olen erikoistunut niska- ja hartia-alueen lihaksistoon ja teen my\u00f6s purentalihask\u00e4sittelyj\u00e4.<\/em><\/p>\n<p><em>Vapaa-ajallani tykk\u00e4\u00e4n ulkoilla ja valloittaa tuntureita. Useimmiten matkassani kulkee assarini, nelijalkainen kumppani, labradorinnoutaja Riku Ankka.<\/em><\/p>\n<p><em>Tervetuloa hierontaan!<\/em><\/p>\n<p><\/p>\n<\/div>\n<p><\/p>\n<\/div>\n<p><\/p>\n<\/div>\n<p><!-- \/wp:group --><\/p>\t\t\t\t\t\t\t\t<\/div>\n\t\t\t\t<\/div>\n\t\t\t\t\t<\/div>\n\t\t\t\t<\/div>\n\t\t<div class=\"elementor-element elementor-element-f88763a e-flex e-con-boxed e-con e-parent\" data-id=\"f88763a\" data-element_type=\"container\" data-e-type=\"container\">\n\t\t\t\t\t<div class=\"e-con-inner\">\n\t\t\t\t<div class=\"elementor-element elementor-element-c079869 elementor-arrows-position-inside elementor-pagination-position-outside elementor-widget elementor-widget-image-carousel\" data-id=\"c079869\" data-element_type=\"widget\" data-e-type=\"widget\" data-settings=\"{&quot;navigation&quot;:&quot;both&quot;,&quot;autoplay&quot;:&quot;yes&quot;,&quot;pause_on_hover&quot;:&quot;yes&quot;,&quot;pause_on_interaction&quot;:&quot;yes&quot;,&quot;autoplay_speed&quot;:5000,&quot;infinite&quot;:&quot;yes&quot;,&quot;speed&quot;:500}\" data-widget_type=\"image-carousel.default\">\n\t\t\t\t<div class=\"elementor-widget-container\">\n\t\t\t\t\t\t\t<div class=\"elementor-image-carousel-wrapper swiper\" role=\"region\" aria-roledescription=\"carousel\" aria-label=\"Kuvakaruselli\" dir=\"ltr\">\n\t\t\t<div class=\"elementor-image-carousel swiper-wrapper\" aria-live=\"off\">\n\t\t\t\t\t\t\t\t<div class=\"swiper-slide\" role=\"group\" aria-roledescription=\"slide\" aria-label=\"1 of 12\"><figure class=\"swiper-slide-inner\"><img decoding=\"async\" class=\"swiper-slide-image\" src=\"https:\/\/sonnjar.fi\/wp-content\/uploads\/2024\/08\/305485680_449801140520298_6551335701211407258_n-150x150.jpg\" alt=\"305485680_449801140520298_6551335701211407258_n\" \/><\/figure><\/div><div class=\"swiper-slide\" role=\"group\" aria-roledescription=\"slide\" aria-label=\"2 of 12\"><figure class=\"swiper-slide-inner\"><img decoding=\"async\" class=\"swiper-slide-image\" src=\"https:\/\/sonnjar.fi\/wp-content\/uploads\/2024\/08\/239300851_211699897633918_1784547789913430074_n-150x150.jpg\" alt=\"239300851_211699897633918_1784547789913430074_n\" \/><\/figure><\/div><div class=\"swiper-slide\" role=\"group\" aria-roledescription=\"slide\" aria-label=\"3 of 12\"><figure class=\"swiper-slide-inner\"><img decoding=\"async\" class=\"swiper-slide-image\" src=\"https:\/\/sonnjar.fi\/wp-content\/uploads\/2024\/08\/245913944_253112930159281_1565605304141348893_n-150x150.jpg\" alt=\"245913944_253112930159281_1565605304141348893_n\" \/><\/figure><\/div><div class=\"swiper-slide\" role=\"group\" aria-roledescription=\"slide\" aria-label=\"4 of 12\"><figure class=\"swiper-slide-inner\"><img decoding=\"async\" class=\"swiper-slide-image\" src=\"https:\/\/sonnjar.fi\/wp-content\/uploads\/2024\/08\/289227378_415430210594218_8793488635966338450_n-150x150.jpg\" alt=\"289227378_415430210594218_8793488635966338450_n\" \/><\/figure><\/div><div class=\"swiper-slide\" role=\"group\" aria-roledescription=\"slide\" aria-label=\"5 of 12\"><figure class=\"swiper-slide-inner\"><img decoding=\"async\" class=\"swiper-slide-image\" src=\"https:\/\/sonnjar.fi\/wp-content\/uploads\/2024\/08\/240669385_248728010597773_7255848636843354715_n-150x150.jpg\" alt=\"240669385_248728010597773_7255848636843354715_n\" \/><\/figure><\/div><div class=\"swiper-slide\" role=\"group\" aria-roledescription=\"slide\" aria-label=\"6 of 12\"><figure class=\"swiper-slide-inner\"><img decoding=\"async\" class=\"swiper-slide-image\" src=\"https:\/\/sonnjar.fi\/wp-content\/uploads\/2024\/08\/230268430_205097078294200_7213850120509986434_n-150x150.jpg\" alt=\"230268430_205097078294200_7213850120509986434_n\" \/><\/figure><\/div><div class=\"swiper-slide\" role=\"group\" aria-roledescription=\"slide\" aria-label=\"7 of 12\"><figure class=\"swiper-slide-inner\"><img decoding=\"async\" class=\"swiper-slide-image\" src=\"https:\/\/sonnjar.fi\/wp-content\/uploads\/2024\/08\/188912122_154071833396725_6980597543713316287_n-150x150.jpg\" alt=\"188912122_154071833396725_6980597543713316287_n\" \/><\/figure><\/div><div class=\"swiper-slide\" role=\"group\" aria-roledescription=\"slide\" aria-label=\"8 of 12\"><figure class=\"swiper-slide-inner\"><img decoding=\"async\" class=\"swiper-slide-image\" src=\"https:\/\/sonnjar.fi\/wp-content\/uploads\/2024\/08\/161166645_120268000110442_3420708519249082073_n-150x150.jpg\" alt=\"161166645_120268000110442_3420708519249082073_n\" \/><\/figure><\/div><div class=\"swiper-slide\" role=\"group\" aria-roledescription=\"slide\" aria-label=\"9 of 12\"><figure class=\"swiper-slide-inner\"><img decoding=\"async\" class=\"swiper-slide-image\" src=\"https:\/\/sonnjar.fi\/wp-content\/uploads\/2024\/08\/159013526_116957113774864_9096896476980824153_n-150x150.jpg\" alt=\"159013526_116957113774864_9096896476980824153_n\" \/><\/figure><\/div><div class=\"swiper-slide\" role=\"group\" aria-roledescription=\"slide\" aria-label=\"10 of 12\"><figure class=\"swiper-slide-inner\"><img decoding=\"async\" class=\"swiper-slide-image\" src=\"https:\/\/sonnjar.fi\/wp-content\/uploads\/2024\/08\/151269170_114444267359482_6124109715728834477_n-150x150.jpg\" alt=\"151269170_114444267359482_6124109715728834477_n\" \/><\/figure><\/div><div class=\"swiper-slide\" role=\"group\" aria-roledescription=\"slide\" aria-label=\"11 of 12\"><figure class=\"swiper-slide-inner\"><img decoding=\"async\" class=\"swiper-slide-image\" src=\"https:\/\/sonnjar.fi\/wp-content\/uploads\/2024\/08\/278675842_375956991208207_2626498996881146948_n-150x150.jpg\" alt=\"278675842_375956991208207_2626498996881146948_n\" \/><\/figure><\/div><div class=\"swiper-slide\" role=\"group\" aria-roledescription=\"slide\" aria-label=\"12 of 12\"><figure class=\"swiper-slide-inner\"><img decoding=\"async\" class=\"swiper-slide-image\" src=\"https:\/\/sonnjar.fi\/wp-content\/uploads\/2024\/08\/285182202_401736765296896_5638105867182867033_n-150x150.jpg\" alt=\"285182202_401736765296896_5638105867182867033_n\" \/><\/figure><\/div>\t\t\t<\/div>\n\t\t\t\t\t\t\t\t\t\t\t\t<div class=\"elementor-swiper-button elementor-swiper-button-prev\" role=\"button\" tabindex=\"0\">\n\t\t\t\t\t\t<svg aria-hidden=\"true\" class=\"e-font-icon-svg e-eicon-chevron-left\" viewBox=\"0 0 1000 1000\" xmlns=\"http:\/\/www.w3.org\/2000\/svg\"><path d=\"M646 125C629 125 613 133 604 142L308 442C296 454 292 471 292 487 292 504 296 521 308 533L604 854C617 867 629 875 646 875 663 875 679 871 692 858 704 846 713 829 713 812 713 796 708 779 692 767L438 487 692 225C700 217 708 204 708 187 708 171 704 154 692 142 675 129 663 125 646 125Z\"><\/path><\/svg>\t\t\t\t\t<\/div>\n\t\t\t\t\t<div class=\"elementor-swiper-button elementor-swiper-button-next\" role=\"button\" tabindex=\"0\">\n\t\t\t\t\t\t<svg aria-hidden=\"true\" class=\"e-font-icon-svg e-eicon-chevron-right\" viewBox=\"0 0 1000 1000\" xmlns=\"http:\/\/www.w3.org\/2000\/svg\"><path d=\"M696 533C708 521 713 504 713 487 713 471 708 454 696 446L400 146C388 133 375 125 354 125 338 125 325 129 313 142 300 154 292 171 292 187 292 204 296 221 308 233L563 492 304 771C292 783 288 800 288 817 288 833 296 850 308 863 321 871 338 875 354 875 371 875 388 867 400 854L696 533Z\"><\/path><\/svg>\t\t\t\t\t<\/div>\n\t\t\t\t\n\t\t\t\t\t\t\t\t\t<div class=\"swiper-pagination\"><\/div>\n\t\t\t\t\t\t\t\t\t<\/div>\n\t\t\t\t\t\t<\/div>\n\t\t\t\t<\/div>\n\t\t\t\t\t<\/div>\n\t\t\t\t<\/div>\n\t\t\t\t<\/div>\n\t\t","protected":false},"excerpt":{"rendered":"<p>Olen Sonja Kuusisto, 33-vuotias koulutettu hieroja. Olen valmistunut Suomen Urheiluhierojaopistosta vuonna 2015 ja toiminut sen j\u00e4lkeen hierojana Etel\u00e4-Suomessa ja Espanjassa. Olen ty\u00f6skennellyt yksityisyritt\u00e4j\u00e4n\u00e4 t\u00e4\u00e4ll\u00e4 Yll\u00e4sj\u00e4rvell\u00e4 vuodesta 2020 l\u00e4htien. Olen tehnyt [&hellip;]<\/p>\n","protected":false},"author":1,"featured_media":0,"parent":0,"menu_order":0,"comment_status":"closed","ping_status":"closed","template":"","meta":{"footnotes":""},"class_list":["post-60","page","type-page","status-publish","hentry"],"_links":{"self":[{"href":"https:\/\/sonnjar.fi\/index.php?rest_route=\/wp\/v2\/pages\/60","targetHints":{"allow":["GET"]}}],"collection":[{"href":"https:\/\/sonnjar.fi\/index.php?rest_route=\/wp\/v2\/pages"}],"about":[{"href":"https:\/\/sonnjar.fi\/index.php?rest_route=\/wp\/v2\/types\/page"}],"author":[{"embeddable":true,"href":"https:\/\/sonnjar.fi\/index.php?rest_route=\/wp\/v2\/users\/1"}],"replies":[{"embeddable":true,"href":"https:\/\/sonnjar.fi\/index.php?rest_route=%2Fwp%2Fv2%2Fcomments&post=60"}],"version-history":[{"count":30,"href":"https:\/\/sonnjar.fi\/index.php?rest_route=\/wp\/v2\/pages\/60\/revisions"}],"predecessor-version":[{"id":245,"href":"https:\/\/sonnjar.fi\/index.php?rest_route=\/wp\/v2\/pages\/60\/revisions\/245"}],"wp:attachment":[{"href":"https:\/\/sonnjar.fi\/index.php?rest_route=%2Fwp%2Fv2%2Fmedia&parent=60"}],"curies":[{"name":"wp","href":"https:\/\/api.w.org\/{rel}","templated":true}]}}